{"id":1356,"date":"2024-08-27T00:18:38","date_gmt":"2024-08-27T00:18:38","guid":{"rendered":"https:\/\/vivido-ia.com\/Emanais\/?page_id=1356"},"modified":"2024-11-13T14:02:27","modified_gmt":"2024-11-13T14:02:27","slug":"terminos-y-condiciones","status":"publish","type":"page","link":"https:\/\/emanais.com.co\/index.php\/terminos-y-condiciones\/","title":{"rendered":"T\u00e9rminos y condiciones"},"content":{"rendered":"\t\t<div data-elementor-type=\"wp-page\" data-elementor-id=\"1356\" class=\"elementor elementor-1356\">\n\t\t\t\t<div class=\"elementor-element elementor-element-1da960e e-con-full e-flex e-con e-parent\" data-id=\"1da960e\" data-element_type=\"container\" data-e-type=\"container\" data-settings=\"{&quot;background_background&quot;:&quot;classic&quot;}\">\n\t\t\t\t<div class=\"elementor-element elementor-element-a5bc9aa elementor-widget elementor-widget-heading\" data-id=\"a5bc9aa\" data-element_type=\"widget\" data-e-type=\"widget\" data-widget_type=\"heading.default\">\n\t\t\t\t<div class=\"elementor-widget-container\">\n\t\t\t\t\t<h2 class=\"elementor-heading-title elementor-size-default\">T\u00e9rminos y condiciones de uso\n<\/h2>\t\t\t\t<\/div>\n\t\t\t\t<\/div>\n\t\t\t\t<\/div>\n\t\t<div class=\"elementor-element elementor-element-6ea613a e-con-full e-flex e-con e-parent\" data-id=\"6ea613a\" data-element_type=\"container\" data-e-type=\"container\">\n\t\t\t\t<div class=\"elementor-element elementor-element-4dc4e05 elementor-widget elementor-widget-heading\" data-id=\"4dc4e05\" data-element_type=\"widget\" data-e-type=\"widget\" data-widget_type=\"heading.default\">\n\t\t\t\t<div class=\"elementor-widget-container\">\n\t\t\t\t\t<h2 class=\"elementor-heading-title elementor-size-default\">Bienvenido a la p\u00e1gina web de Eman\u00e1Is, una p\u00e1gina web que muestra una oferta de Servicios e informaci\u00f3n sobre servicios psicol\u00f3gicos especializados. Al acceder, consultar o usar nuestra plataforma web (en adelante, el \"SITIO\"), aceptas los siguientes T\u00e9rminos y Condiciones de Uso. Por favor, lee detenidamente esta informaci\u00f3n antes de realizar cualquier acci\u00f3n en el SITIO.<\/h2>\t\t\t\t<\/div>\n\t\t\t\t<\/div>\n\t\t\t\t<div class=\"elementor-element elementor-element-bc43349 elementor-widget elementor-widget-heading\" data-id=\"bc43349\" data-element_type=\"widget\" data-e-type=\"widget\" data-widget_type=\"heading.default\">\n\t\t\t\t<div class=\"elementor-widget-container\">\n\t\t\t\t\t<h2 class=\"elementor-heading-title elementor-size-default\">1. Informaci\u00f3n General\n<\/h2>\t\t\t\t<\/div>\n\t\t\t\t<\/div>\n\t\t\t\t<div class=\"elementor-element elementor-element-9041f85 elementor-widget elementor-widget-heading\" data-id=\"9041f85\" data-element_type=\"widget\" data-e-type=\"widget\" data-widget_type=\"heading.default\">\n\t\t\t\t<div class=\"elementor-widget-container\">\n\t\t\t\t\t<h2 class=\"elementor-heading-title elementor-size-default\">Este SITIO es operado por Eman\u00e1Is. Este SITIO ofrece un conjunto de informaci\u00f3n para que los clientes de servicios psicol\u00f3gicos especializados puedan consultar la propuesta de valor de Servicios que se tiene para ofertar.<\/h2>\t\t\t\t<\/div>\n\t\t\t\t<\/div>\n\t\t\t\t<div class=\"elementor-element elementor-element-f651085 elementor-widget elementor-widget-heading\" data-id=\"f651085\" data-element_type=\"widget\" data-e-type=\"widget\" data-widget_type=\"heading.default\">\n\t\t\t\t<div class=\"elementor-widget-container\">\n\t\t\t\t\t<h2 class=\"elementor-heading-title elementor-size-default\">2. Acerca de los Servicios Ofrecidos\n<\/h2>\t\t\t\t<\/div>\n\t\t\t\t<\/div>\n\t\t\t\t<div class=\"elementor-element elementor-element-b94eaab elementor-widget elementor-widget-heading\" data-id=\"b94eaab\" data-element_type=\"widget\" data-e-type=\"widget\" data-widget_type=\"heading.default\">\n\t\t\t\t<div class=\"elementor-widget-container\">\n\t\t\t\t\t<h2 class=\"elementor-heading-title elementor-size-default\">Es potestativo de Eman\u00e1Is elegir la informaci\u00f3n, funcionalidades o caracter\u00edsticas ofrecidas en el SITIO. Asimismo est\u00e1 en la libertad de incluir o retirar funciones, servicios o productos sin previo aviso ni autorizaci\u00f3n.<\/h2>\t\t\t\t<\/div>\n\t\t\t\t<\/div>\n\t\t\t\t<div class=\"elementor-element elementor-element-e0030d2 elementor-widget elementor-widget-heading\" data-id=\"e0030d2\" data-element_type=\"widget\" data-e-type=\"widget\" data-widget_type=\"heading.default\">\n\t\t\t\t<div class=\"elementor-widget-container\">\n\t\t\t\t\t<h2 class=\"elementor-heading-title elementor-size-default\">3. Propiedad Intelectual\n<\/h2>\t\t\t\t<\/div>\n\t\t\t\t<\/div>\n\t\t\t\t<div class=\"elementor-element elementor-element-8fa4e7f elementor-widget elementor-widget-heading\" data-id=\"8fa4e7f\" data-element_type=\"widget\" data-e-type=\"widget\" data-widget_type=\"heading.default\">\n\t\t\t\t<div class=\"elementor-widget-container\">\n\t\t\t\t\t<h2 class=\"elementor-heading-title elementor-size-default\">Todos los contenidos del SITIO, incluyendo im\u00e1genes, textos y dise\u00f1o, est\u00e1n protegidos por derechos de autor. No est\u00e1 permitido utilizar, reproducir o distribuir estos contenidos sin autorizaci\u00f3n expresa y escrita de Eman\u00e1Is. El usuario reconoce y acepta que el uso del servicio no implica la cesi\u00f3n de ning\u00fan derecho de propiedad intelectual sobre el mismo.<\/h2>\t\t\t\t<\/div>\n\t\t\t\t<\/div>\n\t\t\t\t<div class=\"elementor-element elementor-element-868f2b9 elementor-widget elementor-widget-heading\" data-id=\"868f2b9\" data-element_type=\"widget\" data-e-type=\"widget\" data-widget_type=\"heading.default\">\n\t\t\t\t<div class=\"elementor-widget-container\">\n\t\t\t\t\t<h2 class=\"elementor-heading-title elementor-size-default\">4. Privacidad\n<\/h2>\t\t\t\t<\/div>\n\t\t\t\t<\/div>\n\t\t\t\t<div class=\"elementor-element elementor-element-4b0ba56 elementor-widget elementor-widget-heading\" data-id=\"4b0ba56\" data-element_type=\"widget\" data-e-type=\"widget\" data-widget_type=\"heading.default\">\n\t\t\t\t<div class=\"elementor-widget-container\">\n\t\t\t\t\t<h2 class=\"elementor-heading-title elementor-size-default\">Manejamos todos los datos de los usuarios de acuerdo a la normativa vigente colombiana. A trav\u00e9s del Pie de P\u00e1gina en el enlace \u201cPol\u00edtica de Privacidad\u201d, \u201cPol\u00edtica de Privacidad y Manejo de Datos Personales\u201d, \u201cPol\u00edtica de Datos Personales\u201d, o similares, puede acceder y consultar la \u201cPol\u00edtica de privacidad y manejo de datos personales\u201d para obtener informaci\u00f3n sobre c\u00f3mo se manejan los datos personales en el SITIO.<\/h2>\t\t\t\t<\/div>\n\t\t\t\t<\/div>\n\t\t\t\t<div class=\"elementor-element elementor-element-672a3d8 elementor-widget elementor-widget-heading\" data-id=\"672a3d8\" data-element_type=\"widget\" data-e-type=\"widget\" data-widget_type=\"heading.default\">\n\t\t\t\t<div class=\"elementor-widget-container\">\n\t\t\t\t\t<h2 class=\"elementor-heading-title elementor-size-default\">5. Limitaci\u00f3n de responsabilidad<\/h2>\t\t\t\t<\/div>\n\t\t\t\t<\/div>\n\t\t\t\t<div class=\"elementor-element elementor-element-3567f8e elementor-widget elementor-widget-heading\" data-id=\"3567f8e\" data-element_type=\"widget\" data-e-type=\"widget\" data-widget_type=\"heading.default\">\n\t\t\t\t<div class=\"elementor-widget-container\">\n\t\t\t\t\t<h2 class=\"elementor-heading-title elementor-size-default\">Eman\u00e1Is no ser\u00e1 responsable por cualquier da\u00f1o, p\u00e9rdida o perjuicio que pueda sufrir el usuario como resultado del uso o interpretaci\u00f3n de la informaci\u00f3n aqu\u00ed contenida, del uso del servicio o, en general, del acceso a alguna de las funcionalidades prove\u00eddas.<\/h2>\t\t\t\t<\/div>\n\t\t\t\t<\/div>\n\t\t\t\t<div class=\"elementor-element elementor-element-c97cc0f elementor-widget elementor-widget-heading\" data-id=\"c97cc0f\" data-element_type=\"widget\" data-e-type=\"widget\" data-widget_type=\"heading.default\">\n\t\t\t\t<div class=\"elementor-widget-container\">\n\t\t\t\t\t<h2 class=\"elementor-heading-title elementor-size-default\">6. Garant\u00eda<\/h2>\t\t\t\t<\/div>\n\t\t\t\t<\/div>\n\t\t\t\t<div class=\"elementor-element elementor-element-710ac0b elementor-widget elementor-widget-heading\" data-id=\"710ac0b\" data-element_type=\"widget\" data-e-type=\"widget\" data-widget_type=\"heading.default\">\n\t\t\t\t<div class=\"elementor-widget-container\">\n\t\t\t\t\t<h2 class=\"elementor-heading-title elementor-size-default\">Eman\u00e1Is garantiza que el servicio de esta p\u00e1gina web se prestar\u00e1 de manera diligente y profesional, de acuerdo con los est\u00e1ndares de la industria y las mejores pr\u00e1cticas. En caso de que el usuario tenga problemas t\u00e9cnicos con la p\u00e1gina, Eman\u00e1Is se compromete a hacer todos los esfuerzos razonables para solucionarlos. Sin embargo, Eman\u00e1Is no garantiza que el servicio estar\u00e1 libre de errores o interrupciones.<\/h2>\t\t\t\t<\/div>\n\t\t\t\t<\/div>\n\t\t\t\t<div class=\"elementor-element elementor-element-fcb485b elementor-widget elementor-widget-heading\" data-id=\"fcb485b\" data-element_type=\"widget\" data-e-type=\"widget\" data-widget_type=\"heading.default\">\n\t\t\t\t<div class=\"elementor-widget-container\">\n\t\t\t\t\t<h2 class=\"elementor-heading-title elementor-size-default\">7. Ley Aplicable y Jurisdicci\u00f3n<\/h2>\t\t\t\t<\/div>\n\t\t\t\t<\/div>\n\t\t\t\t<div class=\"elementor-element elementor-element-f74a9c0 elementor-widget elementor-widget-heading\" data-id=\"f74a9c0\" data-element_type=\"widget\" data-e-type=\"widget\" data-widget_type=\"heading.default\">\n\t\t\t\t<div class=\"elementor-widget-container\">\n\t\t\t\t\t<h2 class=\"elementor-heading-title elementor-size-default\">Estos T\u00e9rminos y Condiciones de Uso se rigen por las leyes de la Rep\u00fablica de Colombia. Cualquier disputa derivada de estos T\u00e9rminos y Condiciones estar\u00e1 sujeta a la jurisdicci\u00f3n de los tribunales competentes en Colombia.<\/h2>\t\t\t\t<\/div>\n\t\t\t\t<\/div>\n\t\t\t\t<div class=\"elementor-element elementor-element-b2ea309 elementor-widget elementor-widget-heading\" data-id=\"b2ea309\" data-element_type=\"widget\" data-e-type=\"widget\" data-widget_type=\"heading.default\">\n\t\t\t\t<div class=\"elementor-widget-container\">\n\t\t\t\t\t<h2 class=\"elementor-heading-title elementor-size-default\">8. Aceptaci\u00f3n de los t\u00e9rminos y condiciones<\/h2>\t\t\t\t<\/div>\n\t\t\t\t<\/div>\n\t\t\t\t<div class=\"elementor-element elementor-element-15aa3cf elementor-widget elementor-widget-text-editor\" data-id=\"15aa3cf\" data-element_type=\"widget\" data-e-type=\"widget\" data-widget_type=\"text-editor.default\">\n\t\t\t\t<div class=\"elementor-widget-container\">\n\t\t\t\t\t\t\t\t\t<p data-renderer-start-pos=\"2793\">Al utilizar el SITIO, el usuario, cliente o potencial cliente, acepta estos T\u00e9rminos y Condiciones en su totalidad.&nbsp;Eman\u00e1Is se reserva el derecho de modificar o actualizar estos t\u00e9rminos en cualquier momento, y dichas modificaciones entrar\u00e1n en vigencia desde su publicaci\u00f3n en el SITIO. Cualquier duda o inquietud sobre los presentes T\u00e9rminos y Condiciones puede ser remitida al correo&nbsp;<a class=\"css-1rn59kg\" title=\"mailto:sandrayazmincr45@gmail.com\" href=\"mailto:sandrayazmincr45@gmail.com\" data-testid=\"link-with-safety\" data-renderer-mark=\"true\">sandrayazmincr45@gmail.com<\/a>&nbsp;.<\/p>\n<p data-renderer-start-pos=\"3210\">\u00daltima actualizaci\u00f3n:&nbsp;24 de julio de 2024.<\/p>\t\t\t\t\t\t\t\t<\/div>\n\t\t\t\t<\/div>\n\t\t\t\t<\/div>\n\t\t<div class=\"elementor-element elementor-element-fe43212 e-con-full e-flex e-con e-parent\" data-id=\"fe43212\" data-element_type=\"container\" data-e-type=\"container\" data-settings=\"{&quot;background_background&quot;:&quot;classic&quot;}\">\n\t\t\t\t<div class=\"elementor-element elementor-element-c9425b7 elementor-widget elementor-widget-spacer\" data-id=\"c9425b7\" data-element_type=\"widget\" data-e-type=\"widget\" data-widget_type=\"spacer.default\">\n\t\t\t\t<div class=\"elementor-widget-container\">\n\t\t\t\t\t\t\t<div class=\"elementor-spacer\">\n\t\t\t<div class=\"elementor-spacer-inner\"><\/div>\n\t\t<\/div>\n\t\t\t\t\t\t<\/div>\n\t\t\t\t<\/div>\n\t\t\t\t<\/div>\n\t\t\t\t<\/div>\n\t\t","protected":false},"excerpt":{"rendered":"<p>T\u00e9rminos y condiciones de uso Bienvenido a la p\u00e1gina web de Eman\u00e1Is, una p\u00e1gina web que muestra una oferta de Servicios e informaci\u00f3n sobre servicios psicol\u00f3gicos especializados. Al acceder, consultar o usar nuestra plataforma web (en adelante, el &#8220;SITIO&#8221;), aceptas los siguientes T\u00e9rminos y Condiciones de Uso. Por favor, lee detenidamente esta informaci\u00f3n antes de [&hellip;]<\/p>\n","protected":false},"author":1,"featured_media":0,"parent":0,"menu_order":0,"comment_status":"closed","ping_status":"closed","template":"","meta":{"om_disable_all_campaigns":false,"_monsterinsights_skip_tracking":false,"_monsterinsights_sitenote_active":false,"_monsterinsights_sitenote_note":"","_monsterinsights_sitenote_category":0,"ocean_post_layout":"","ocean_both_sidebars_style":"","ocean_both_sidebars_content_width":0,"ocean_both_sidebars_sidebars_width":0,"ocean_sidebar":"","ocean_second_sidebar":"","ocean_disable_margins":"enable","ocean_add_body_class":"","ocean_shortcode_before_top_bar":"","ocean_shortcode_after_top_bar":"","ocean_shortcode_before_header":"","ocean_shortcode_after_header":"","ocean_has_shortcode":"","ocean_shortcode_after_title":"","ocean_shortcode_before_footer_widgets":"","ocean_shortcode_after_footer_widgets":"","ocean_shortcode_before_footer_bottom":"","ocean_shortcode_after_footer_bottom":"","ocean_display_top_bar":"default","ocean_display_header":"default","ocean_header_style":"","ocean_center_header_left_menu":"","ocean_custom_header_template":"","ocean_custom_logo":0,"ocean_custom_retina_logo":0,"ocean_custom_logo_max_width":0,"ocean_custom_logo_tablet_max_width":0,"ocean_custom_logo_mobile_max_width":0,"ocean_custom_logo_max_height":0,"ocean_custom_logo_tablet_max_height":0,"ocean_custom_logo_mobile_max_height":0,"ocean_header_custom_menu":"","ocean_menu_typo_font_family":"","ocean_menu_typo_font_subset":"","ocean_menu_typo_font_size":0,"ocean_menu_typo_font_size_tablet":0,"ocean_menu_typo_font_size_mobile":0,"ocean_menu_typo_font_size_unit":"px","ocean_menu_typo_font_weight":"","ocean_menu_typo_font_weight_tablet":"","ocean_menu_typo_font_weight_mobile":"","ocean_menu_typo_transform":"","ocean_menu_typo_transform_tablet":"","ocean_menu_typo_transform_mobile":"","ocean_menu_typo_line_height":0,"ocean_menu_typo_line_height_tablet":0,"ocean_menu_typo_line_height_mobile":0,"ocean_menu_typo_line_height_unit":"","ocean_menu_typo_spacing":0,"ocean_menu_typo_spacing_tablet":0,"ocean_menu_typo_spacing_mobile":0,"ocean_menu_typo_spacing_unit":"","ocean_menu_link_color":"","ocean_menu_link_color_hover":"","ocean_menu_link_color_active":"","ocean_menu_link_background":"","ocean_menu_link_hover_background":"","ocean_menu_link_active_background":"","ocean_menu_social_links_bg":"","ocean_menu_social_hover_links_bg":"","ocean_menu_social_links_color":"","ocean_menu_social_hover_links_color":"","ocean_disable_title":"default","ocean_disable_heading":"default","ocean_post_title":"","ocean_post_subheading":"","ocean_post_title_style":"","ocean_post_title_background_color":"","ocean_post_title_background":0,"ocean_post_title_bg_image_position":"","ocean_post_title_bg_image_attachment":"","ocean_post_title_bg_image_repeat":"","ocean_post_title_bg_image_size":"","ocean_post_title_height":0,"ocean_post_title_bg_overlay":0.5,"ocean_post_title_bg_overlay_color":"","ocean_disable_breadcrumbs":"default","ocean_breadcrumbs_color":"","ocean_breadcrumbs_separator_color":"","ocean_breadcrumbs_links_color":"","ocean_breadcrumbs_links_hover_color":"","ocean_display_footer_widgets":"default","ocean_display_footer_bottom":"default","ocean_custom_footer_template":"","footnotes":""},"class_list":["post-1356","page","type-page","status-publish","hentry","entry"],"yoast_head":"<!-- This site is optimized with the Yoast SEO plugin v24.9 - https:\/\/yoast.com\/wordpress\/plugins\/seo\/ -->\n<title>T\u00e9rminos y condiciones - Consultorio Psicol\u00f3gico Bogot\u00e1<\/title>\n<meta name=\"robots\" content=\"index, follow, max-snippet:-1, max-image-preview:large, max-video-preview:-1\" \/>\n<link rel=\"canonical\" href=\"https:\/\/emanais.com.co\/index.php\/terminos-y-condiciones\/\" \/>\n<meta property=\"og:locale\" content=\"es_ES\" \/>\n<meta property=\"og:type\" content=\"article\" \/>\n<meta property=\"og:title\" content=\"T\u00e9rminos y condiciones - Consultorio Psicol\u00f3gico Bogot\u00e1\" \/>\n<meta property=\"og:description\" content=\"T\u00e9rminos y condiciones de uso Bienvenido a la p\u00e1gina web de Eman\u00e1Is, una p\u00e1gina web que muestra una oferta de Servicios e informaci\u00f3n sobre servicios psicol\u00f3gicos especializados. Al acceder, consultar o usar nuestra plataforma web (en adelante, el &#8220;SITIO&#8221;), aceptas los siguientes T\u00e9rminos y Condiciones de Uso. Por favor, lee detenidamente esta informaci\u00f3n antes de [&hellip;]\" \/>\n<meta property=\"og:url\" content=\"https:\/\/emanais.com.co\/index.php\/terminos-y-condiciones\/\" \/>\n<meta property=\"og:site_name\" content=\"Consultorio Psicol\u00f3gico Bogot\u00e1\" \/>\n<meta property=\"article:modified_time\" content=\"2024-11-13T14:02:27+00:00\" \/>\n<meta name=\"twitter:card\" content=\"summary_large_image\" \/>\n<meta name=\"twitter:label1\" content=\"Tiempo de lectura\" \/>\n\t<meta name=\"twitter:data1\" content=\"3 minutos\" \/>\n<script type=\"application\/ld+json\" class=\"yoast-schema-graph\">{\"@context\":\"https:\/\/schema.org\",\"@graph\":[{\"@type\":\"WebPage\",\"@id\":\"https:\/\/emanais.com.co\/index.php\/terminos-y-condiciones\/\",\"url\":\"https:\/\/emanais.com.co\/index.php\/terminos-y-condiciones\/\",\"name\":\"T\u00e9rminos y condiciones - Consultorio Psicol\u00f3gico Bogot\u00e1\",\"isPartOf\":{\"@id\":\"https:\/\/emanais.com.co\/#website\"},\"datePublished\":\"2024-08-27T00:18:38+00:00\",\"dateModified\":\"2024-11-13T14:02:27+00:00\",\"breadcrumb\":{\"@id\":\"https:\/\/emanais.com.co\/index.php\/terminos-y-condiciones\/#breadcrumb\"},\"inLanguage\":\"es-CO\",\"potentialAction\":[{\"@type\":\"ReadAction\",\"target\":[\"https:\/\/emanais.com.co\/index.php\/terminos-y-condiciones\/\"]}]},{\"@type\":\"BreadcrumbList\",\"@id\":\"https:\/\/emanais.com.co\/index.php\/terminos-y-condiciones\/#breadcrumb\",\"itemListElement\":[{\"@type\":\"ListItem\",\"position\":1,\"name\":\"Inicio\",\"item\":\"https:\/\/emanais.com.co\/\"},{\"@type\":\"ListItem\",\"position\":2,\"name\":\"T\u00e9rminos y condiciones\"}]},{\"@type\":\"WebSite\",\"@id\":\"https:\/\/emanais.com.co\/#website\",\"url\":\"https:\/\/emanais.com.co\/\",\"name\":\"Eman\u00e1Is\",\"description\":\"Consultorio Psicol\u00f3gico Asesor\u00eda, Consultor\u00eda,Terapias Regresivas Reconstructiva y Constelaciones Familiares y Terapia Sistemica, Grupales e Individuales\",\"publisher\":{\"@id\":\"https:\/\/emanais.com.co\/#organization\"},\"potentialAction\":[{\"@type\":\"SearchAction\",\"target\":{\"@type\":\"EntryPoint\",\"urlTemplate\":\"https:\/\/emanais.com.co\/?s={search_term_string}\"},\"query-input\":{\"@type\":\"PropertyValueSpecification\",\"valueRequired\":true,\"valueName\":\"search_term_string\"}}],\"inLanguage\":\"es-CO\"},{\"@type\":\"Organization\",\"@id\":\"https:\/\/emanais.com.co\/#organization\",\"name\":\"Eman\u00e1Is\",\"url\":\"https:\/\/emanais.com.co\/\",\"logo\":{\"@type\":\"ImageObject\",\"inLanguage\":\"es-CO\",\"@id\":\"https:\/\/emanais.com.co\/#\/schema\/logo\/image\/\",\"url\":\"https:\/\/emanais.com.co\/wp-content\/uploads\/2024\/05\/nosotros-logo.png\",\"contentUrl\":\"https:\/\/emanais.com.co\/wp-content\/uploads\/2024\/05\/nosotros-logo.png\",\"width\":1080,\"height\":1080,\"caption\":\"Eman\u00e1Is\"},\"image\":{\"@id\":\"https:\/\/emanais.com.co\/#\/schema\/logo\/image\/\"}}]}<\/script>\n<!-- \/ Yoast SEO plugin. -->","yoast_head_json":{"title":"T\u00e9rminos y condiciones - Consultorio Psicol\u00f3gico Bogot\u00e1","robots":{"index":"index","follow":"follow","max-snippet":"max-snippet:-1","max-image-preview":"max-image-preview:large","max-video-preview":"max-video-preview:-1"},"canonical":"https:\/\/emanais.com.co\/index.php\/terminos-y-condiciones\/","og_locale":"es_ES","og_type":"article","og_title":"T\u00e9rminos y condiciones - Consultorio Psicol\u00f3gico Bogot\u00e1","og_description":"T\u00e9rminos y condiciones de uso Bienvenido a la p\u00e1gina web de Eman\u00e1Is, una p\u00e1gina web que muestra una oferta de Servicios e informaci\u00f3n sobre servicios psicol\u00f3gicos especializados. Al acceder, consultar o usar nuestra plataforma web (en adelante, el &#8220;SITIO&#8221;), aceptas los siguientes T\u00e9rminos y Condiciones de Uso. Por favor, lee detenidamente esta informaci\u00f3n antes de [&hellip;]","og_url":"https:\/\/emanais.com.co\/index.php\/terminos-y-condiciones\/","og_site_name":"Consultorio Psicol\u00f3gico Bogot\u00e1","article_modified_time":"2024-11-13T14:02:27+00:00","twitter_card":"summary_large_image","twitter_misc":{"Tiempo de lectura":"3 minutos"},"schema":{"@context":"https:\/\/schema.org","@graph":[{"@type":"WebPage","@id":"https:\/\/emanais.com.co\/index.php\/terminos-y-condiciones\/","url":"https:\/\/emanais.com.co\/index.php\/terminos-y-condiciones\/","name":"T\u00e9rminos y condiciones - Consultorio Psicol\u00f3gico Bogot\u00e1","isPartOf":{"@id":"https:\/\/emanais.com.co\/#website"},"datePublished":"2024-08-27T00:18:38+00:00","dateModified":"2024-11-13T14:02:27+00:00","breadcrumb":{"@id":"https:\/\/emanais.com.co\/index.php\/terminos-y-condiciones\/#breadcrumb"},"inLanguage":"es-CO","potentialAction":[{"@type":"ReadAction","target":["https:\/\/emanais.com.co\/index.php\/terminos-y-condiciones\/"]}]},{"@type":"BreadcrumbList","@id":"https:\/\/emanais.com.co\/index.php\/terminos-y-condiciones\/#breadcrumb","itemListElement":[{"@type":"ListItem","position":1,"name":"Inicio","item":"https:\/\/emanais.com.co\/"},{"@type":"ListItem","position":2,"name":"T\u00e9rminos y condiciones"}]},{"@type":"WebSite","@id":"https:\/\/emanais.com.co\/#website","url":"https:\/\/emanais.com.co\/","name":"Eman\u00e1Is","description":"Consultorio Psicol\u00f3gico Asesor\u00eda, Consultor\u00eda,Terapias Regresivas Reconstructiva y Constelaciones Familiares y Terapia Sistemica, Grupales e Individuales","publisher":{"@id":"https:\/\/emanais.com.co\/#organization"},"potentialAction":[{"@type":"SearchAction","target":{"@type":"EntryPoint","urlTemplate":"https:\/\/emanais.com.co\/?s={search_term_string}"},"query-input":{"@type":"PropertyValueSpecification","valueRequired":true,"valueName":"search_term_string"}}],"inLanguage":"es-CO"},{"@type":"Organization","@id":"https:\/\/emanais.com.co\/#organization","name":"Eman\u00e1Is","url":"https:\/\/emanais.com.co\/","logo":{"@type":"ImageObject","inLanguage":"es-CO","@id":"https:\/\/emanais.com.co\/#\/schema\/logo\/image\/","url":"https:\/\/emanais.com.co\/wp-content\/uploads\/2024\/05\/nosotros-logo.png","contentUrl":"https:\/\/emanais.com.co\/wp-content\/uploads\/2024\/05\/nosotros-logo.png","width":1080,"height":1080,"caption":"Eman\u00e1Is"},"image":{"@id":"https:\/\/emanais.com.co\/#\/schema\/logo\/image\/"}}]}},"post_mailing_queue_ids":[],"_links":{"self":[{"href":"https:\/\/emanais.com.co\/index.php\/wp-json\/wp\/v2\/pages\/1356","targetHints":{"allow":["GET"]}}],"collection":[{"href":"https:\/\/emanais.com.co\/index.php\/wp-json\/wp\/v2\/pages"}],"about":[{"href":"https:\/\/emanais.com.co\/index.php\/wp-json\/wp\/v2\/types\/page"}],"author":[{"embeddable":true,"href":"https:\/\/emanais.com.co\/index.php\/wp-json\/wp\/v2\/users\/1"}],"replies":[{"embeddable":true,"href":"https:\/\/emanais.com.co\/index.php\/wp-json\/wp\/v2\/comments?post=1356"}],"version-history":[{"count":0,"href":"https:\/\/emanais.com.co\/index.php\/wp-json\/wp\/v2\/pages\/1356\/revisions"}],"wp:attachment":[{"href":"https:\/\/emanais.com.co\/index.php\/wp-json\/wp\/v2\/media?parent=1356"}],"curies":[{"name":"wp","href":"https:\/\/api.w.org\/{rel}","templated":true}]}}